+ -5?
0
-4 + 7 + -2 + -3 + 2
0
1 + (22 - 31) + 2 + 2
-4
Calculate 2 + (8 + -6 - (-1 + 1)).
4
What is the value of 8 + -11 - -4 - 4?
-3
(1 - -2) + 0 + 0
3
What is the value of (-1 + -1 - (-18 + 14)) + -7?
-5
What is the value of -4 + 5 + 0 + 0?
1
Calculate -3 - (-8 + 3) - -1.
3
-4 + 11 + 0 + -15
-8
(3 + -3 - -2) + (-1 - 3)
-2
What is 4 + -2 - (-4 + (-5 - -7))?
4
What is the value of (1 - (3 - 2)) + 4?
4
-2 - (3 - 0 - 1)
-4
Evaluate 3 - (-1 + (3 + -8 - -4)).
5
What is the value of 4 - 0 - (-9 + 16)?
-3
Calculate 2 + 7 + -4 + -7.
-2
-1 - (1 - (3 + 3))
4
What is -2 - -3 - (5 + -1 + -2)?
-1
Calculate -16 - -26 - (0 - -7).
3
-8 - (-8 - -4 - 9)
5
Evaluate 0 - (-2 - 8 - -7).
3
Calculate 2 + (0 - 1) + 0.
1
What is the value of -4 - (5 - (1 + 13))?
5
What is the value of 2 + 1 + (3 - (2 + 4))?
0
What is -3 + 2 + -1 + -14 + 13?
-3
What is the value of 7 + -4 + (-4 + 0 - -6)?
5
Calculate 8 + -4 + (0 - 2).
2
Calculate -7 - -1 - (-9 + 5).
-2
Evaluate (10 - (-4 - -19)) + -2.
-7
Evaluate (-1 + (-3 - -2) - -2) + -3.
-3
What is the value of -1 - 4 - (-10 - (-9 + 3))?
-1
(6 + -3 - (5 - -2)) + -1
-5
What is 3 - (1 + (-3 - -6) - -2)?
-3
What is the value of -4 - ((4 - 2) + -1)?
-5
What is -2 + -8 - (0 + -14)?
4
(-8 - -4) + (-1 - -6)
1
(13 + -2 - 6) + -7
-2
What is the value of 2 - (8 + -5 + (-7 - 1))?
7
Evaluate -4 + 4 + (1 - 6) + 2.
-3
Calculate (-1 - 1) + 7 - 5.
0
What is the value of -2 + 3 + 4 - (-1 - 0)?
6
What is -1 + 2 + 10 + -1 + -5?
5
4 + (-6 - (10 + -4))
-8
Calculate 1 + 0 - (7 - (-4 + 7)).
-3
49 + -40 + (-2 - 1)
6
What is the value of (-28 - -10) + 21 + 1 + -12?
-8
What is -3 - -2 - (4 - (9 + -3))?
1
Evaluate -10 - -7 - (0 + -3).
0
What is (6 - 1 - 12) + (1 - 0)?
-6
Evaluate -14 - (-4 + -6 - -2).
-6
-1 + (3 - (2 + -2))
2
What is 7 - -1 - (2 - 1 - -1)?
6
2 + -3 + 34 + -37
-4
Evaluate -5 + (-1 - 5 - -7) + 7.
3
What is -3 - ((1 + 0 - 2) + -2)?
0
What is (9 - -3) + -6 - 5?
1
Evaluate -2 + -8 + -1 + 5 + 1.
-5
What is the value of 10 + -10 + (4 - 2)?
2
Evaluate -9 + (-16 - -9) + -2 + 25.
7
What is -1 - (0 - (-1 + 2))?
0
What is -10 + (0 - (2 + -8))?
-4
What is the value of 4 - ((-2 - -10) + -8)?
4
8 - 3 - 2 - -1 - -1
5
What is the value of (2 - (4 - 4)) + -7?
-5
-2 + -5 + (-27 - -31) + 4
1
Calculate 3 + (-3 - (-4 + 5)) + 2.
1
8 - (11 + 3 + -11)
5
-3 - 4 - -11 - (4 + 1)
-1
-5 + 1 - (11 - 10)
-5
What is the value of 6 - (1 - (-5 - -3 - -1))?
4
What is (-15 - -10) + 2 + 1 + -2?
-4
-5 + -1 - (13 - 18)
-1
What is 3 + -4 - -3 - -1 - 3?
0
What is the value of 6 + (-15 - -4) + 5 - 7?
-7
Evaluate -108 - -115 - (7 + -1).
1
What is the value of -11 + (10 - 5) + 2?
-4
Calculate 8 + -1 + (-5 - 0).
2
What is the value of -1 - -7 - (-4 - -16)?
-6
Evaluate -1 + (-2 - 2) + 10.
5
What is -8 + (-1 - -5) + -4?
-8
Calculate (-8 - -2) + 3 - (-1 + -3).
1
Calculate 7 + -3 - ((1 - -2) + -2).
3
-8 + 2 + 3 + 2
-1
2 + 2 + (15 - 9) + -8
2
40 - 39 - (3 + -1)
-1
What is the value of 3 + -2 + -2 + (-1 - -1)?
-1
Evaluate 15 + -19 + (1 - 2).
-5
Calculate -1 - (-4 + 3 - (-3 - -2)).
-1
What is the value of (0 - -5) + (22 - 28)?
-1
Calculate 11 + -8 + -17 - -9.
-5
What is the value of -6 + -3 + (-3 - -11) + -4?
-5
Calculate 3 - (-6 + 7 + 4).
-2
Evaluate 15 + -4 + -2 + -3.
6
0 + -4 + (1 - (5 + -4))
-4
Evaluate 0 - (-6 + 0 + 6) - -2.
2
What is -3 + 1 + (2 - 2) + -3?
-5
47 - 39 - (12 + -1)
-3
What is 3 - 9 - (-4 + 2)?
-4
Calculate -5 + 1 + 4 + 4.
4
What is the value of 1 + -1 + 3 - (-1 - -2)?
2
Evaluate -2 - (4 + (-9 - -2)).
1
What is the value of 3 - -13 - (21 - 12)?
7
What is (-4 - (-9 - 0)) + -4?
1
(-12 - -6) + (-1 - -12)
5
What is -7 - 2 - (-20 - -6)?
5
Evaluate (-2 - 0) + -4 + 1.
-5
What is the value of 2 + (3 - (2 - 1)) + -7?
-3
Evaluate 186 - 193 - (2 + -1).
-8
(-33 - -37) + (-1 - -1)
4
What is -1 - -8 - (-3 + 7)?
3
Calculate 1 - (-5 - (-1 - 2)) - 3.
0
2 + (3 + -4 - (2 + 0))
-1
-1 - (4 - 8 - (2 - 0))
5
What is the value of (-9 - (1 - 5)) + 7?
2
What is 4 - 2 - -1 - (0 + -2)?
5
(11 - 9 - (3 - -6)) + 5
-2
What is the value of -3 + -2 + 9 - (10 + -3)?
-3
What is the value of -8 + 8 - ((3 - -2) + -2)?
-3
What is the value of -2 + (-2 - -7) + 0?
3
What is the value of -1 + 0 + (-2 - (3 - 1))?
-5
Calculate 0 + 5 + -4 + 4.
5
2 + (3 - 5) + 5 + -2
3
What is the value of -3 + (-2 - -6) + 0 - 3?
-2
Evaluate -7 - (-4 + (-6 - 1)).
4
What is 4 + -6 - (-4 - -4)?
-2
-25 + 22 + 3 + 2
2
(-14 - -5) + (4 + -3 - -5)
-3
What is the value of 4 - (3 + 1 + -3) - 4?
-1
Calculate -2 + -3 - (-11 - -7).
-1
What is the value of -5 - (5 + -13 + 2)?
1
Calculate (20 + -18 - (-1 + -1)) + -3.
1
What is the value of -3 + 7 + -5 + 1?
0
What is (-4 - (0 + 3)) + 2?
-5
Evaluate (-1 - 4) + 13 - 5.
3
What is the value of 2 - ((-4 - 0) + (-9 - -10))?
5
-1 + 7 + (29 - 32)
3
Evaluate 3 - (1 + (-5 - -4) - 4).
7
What is (-5 + 3 - 2) + -25 + 30?
1
23 - 29 - (-5 - 0)
-1
Calculate 4 - -1 - (2 - -4).
-1
Evaluate -10 + 11 - 3 - 3.
-5
Calculate 11 - 13 - (0 + 2).
-4
What is -2 - ((2 - -4 - 6) + -5)?
3
Calculate -2 + -1 + 2 - 1.
-2
-1 + 2 - (-2 + (-2 - -3))
2
-2 + (2 - (-1 + 1))
0
Evaluate (6 - 2) + 52 + -50.
6
11 - ((7 - 10) + 14)
0
Evaluate -5 + 14 - 2 - 4.
3
What is (-3 - (-2 - 3)) + -3 + 2?
1
Calculate 1 - 0 - (-3 - -5).
-1
What is the value of -3 + 1 + -4 + 1 + 1?
-4
What is (-4 - -7) + -3 + 3 - 5?
-2
Evaluate (-1 - (-3 - -5)) + -1 + 9.
5
What is -13 + (-7 - -1 - (49 - 60))?
-8
What is the value of (-3 - -2 - -1) + -4?
-4
Calculate 0 + 1 + -1 + 2.
2
Evaluate 3 - (0 + (1 + -2 - 1)).
5
What is 0 + 0 - ((4 - 11) + 1)?
6
What is (7 - -1) + -3 - 1 - 2?
2
Evaluate (3 - 4) + -1 + 4 + -1.
1
What is the value of 5 + (2 + (-6 - 4) - -4)?
1
-6 - (5 + -4 - 2)
-5
Calculate 9 - 5 - (1 + 3).
0
Evaluate -12 + 13 + (1 - 3 - 2).
-3
2 + -4 - (-1 + 6 + -2)
-5
What is 8 - -1 - -2 - -2 - 6?
7
9 + 8 + (-15 - -2)
4
-3 + 11 + -2 - (4 - 3)
5
Evaluate -3 + 1 + 0 + (-3 - -5).
0
What is the value of (-4 - 10) + 7 + 6?
-1
Calculate -17 + (-4 - -10) + 1.
-10
Evaluate (1 - 1 - -3) + -1 + 1.
3
-6 + (8 - ((-5 - -6) + -8))
9
What is the value of -7 - (4 + 11 - 13)?
-9
(-1 - -8) + -14 - -6
-1
-5 - (-4 + -11 + 8)
2
-8 + -1 + (-1 - -3) - -3
-4
What is 0 - 1 - (1 - (2 - 5))?
-5
Evaluate -3 + (1 - -12) + (-1 - 1).
8
Calculate 1 - 3 - (-2 + 3).
-3
-5 + (11 + -4 - -1)
3
Calculate 18 + -13 - 0 - (2 - 0).
3
Evaluate -5 - (-1 + (1 + -9 - -11)).
-7
Calculate 2 + -2 + 5 + -4 + 7.
8
Evaluate -1 - (-3 - -1 - -2) - -3.
2
What is the value of (4 - (-2 + 4 - -2)) + -3?
-3
Evaluate -12 + 20 + (8 - 10).
6
What is 4 + (5 - 4) + 2?
7
What is 0 - ((1 + -4 - -9) + -4)?
-2
What is the value of 3 - 4 - -6 - 3 - 4?
-2
12 - (-2 - -13) - (-4 - 1)
6
16 + 0 - (-10 + 18)
8
Calculate (14 - 9) + (3 - (4 - 2)).
6
What is the value of -4 + -1 + (3 - 11) + 17?
4
What is the value of 5 + (1 - 6 - -2)?
2
Evaluate -5 - ((5 - 24) + 4 - -6).
4
What is the value of (-4 - (-2 - -2 - -1)) + 10?
5
Calculate -14 + 6 - (2 + -7 + 3).
-6
Evaluate 9 - (-1 - (7 - 12)).
5
-2 - 2 - (-33 + 36) - -6
-1
-11 - (-24 - -11) - (0 + 5)
-3
Evaluate -2 - (5 + -9 + -1).
3
Calculate 1 + 0 + -1 + (4 - 0).
4
What is the value of 5 + (-2 - (2 - (-2 + 4)))?
3
54 + -36 - (1 - -4) - 7
6
What is 6 - (0 - (-1 - 3 - 1))?
1
(16 - 6 - 3) + -5 + -6
-4
0 + -4 + (-2 - (2 - 6))
-2
What is the value of -2 + 2 + -3 + -2?
-5
Evaluate -12 - (7 + -17 - 11).
9
Evaluate 4 + (-16 - -3) - -3 - -1.
-5
What is the value of -7 - 0 - -4 - 5 - -8?
0
What is the value of (-3 - -8 - -2) + -6 + 3?
4
Calculate -5 - 3 - (1 + -2 - 8).
1
Evaluate 4 - ((-2 - (-13 + -2)) + -6).
-3
What is 2 + -3 + 3 - (2 + -2)?
2
Evaluate -4 - (-4 - ((4 - 2) + -1)).
1
Calculate (4 - -2) + (-12 - (12 - 21)).
3
What is the value of -3 - (1 + (-5 - -1))?
0
7 + -6 - (2 - 8) - 8
-1
8 - (0 - (7 + -11))
4
What is the value of 2 - (10 + -12 + 12)?
-8
Calculate -13 + -8 + 2 + 13.
-6
What is 1 - -2 - (-84 - -79)?
8
-1 + 1 - (10 - 9) - -1
0
Calculate -1 - (-5 - (0 - 6) - -2).
-4
Evaluate 1 + -6 - ((-6 - 2) + 5).
-2
Evaluate (-1 - -3 - (3 - 1)) + 3.
3
Evaluate 2 - (-2 + 6 + -4 - -4).
-2
(1 - (-4 + 3)) + -4
-2
Evaluate 13 + -7 - (12 - -2).
-8
-1 + (-8 - -1) - (-3 + 0)
-5
Calculate -8 + (3 - (-1 - -3)) + 4.
-3
3 - (-1 + 8 + 0) - -13
9
Calculate (-15 - (-13 - -4)) + 0 + 0.
-6
What is 0 + 0 - (5 - (10 - 3))?
2
What is the value of 0 - (0 - 6 - (-42 - -38))?
2
Calculate -3 - (0 + -5 + (32 - 33)).
3
7 - 